71852 a multiple of 51?
False
Does 13 divide 40065519?
True
Does 472 divide 9538687?
False
Is 40 a factor of 171334157?
False
Is 43602936 a multiple of 95?
False
Does 189 divide 87500007?
True
Does 61 divide 801375?
False
Is 1055 a factor of 3467179005?
False
Does 24 divide 263327496?
True
Is 112 a factor of 376301184?
True
Is 617752893 a multiple of 30?
False
Is 588 a factor of 621040896?
True
Does 14 divide 472886288?
True
Is 170676616 a multiple of 1562?
True
Is 36 a factor of 421073208?
True
Is 50874421 a multiple of 976?
False
Does 261 divide 175962899?
False
Is 720178846 a multiple of 3761?
True
Does 184 divide 7911632?
True
Is 184 a factor of 3060120391?
False
Is 29 a factor of 4210687712?
True
Is 2121 a factor of 910647108?
True
Does 84 divide 5963727?
False
Is 1504 a factor of 125878784?
True
Is 15510592 a multiple of 662?
False
Is 545763296 a multiple of 1043?
False
Is 152396180 a multiple of 82?
True
Is 4822349 a multiple of 3?
False
Does 484 divide 20249264?
False
Is 256947462 a multiple of 74?
True
Is 244878650 a multiple of 1711?
False
Is 29 a factor of 334236554?
False
Is 260819545 a multiple of 1168?
False
Is 757 a factor of 1594260168?
True
Does 33 divide 58851210?
True
Is 93864582 a multiple of 1623?
True
Is 141051504 a multiple of 528?
True
Is 48017769 a multiple of 57?
True
Is 7789044984 a multiple of 24?
True
Is 31 a factor of 1973189036?
False
Is 952 a factor of 2847769678?
False
Is 5755818 a multiple of 151?
True
Is 2148 a factor of 90228888?
True
Is 5 a factor of 33416101?
False
Is 78 a factor of 81883620?
True
Does 441 divide 7537172013?
True
Does 243 divide 2455602?
False
Does 78 divide 91990782?
True
Is 2483326808 a multiple of 13?
False
Is 1875544410 a multiple of 109?
False
Is 11439005 a multiple of 170?
False
Is 2461 a factor of 52738975?
False
Does 40 divide 721200?
True
Is 2228734578 a multiple of 681?
True
Is 1210 a factor of 20144589?
False
Does 162 divide 30560603?
False
Does 86 divide 10118221?
False
Does 160 divide 199335794?
False
Does 848 divide 14723824?
True
Is 2060 a factor of 100472380?
True
Does 23 divide 49063693?
False
Is 222 a factor of 67432045?
False
Does 238 divide 164889256?
True
Is 115836470 a multiple of 34?
True
Is 22148376 a multiple of 57?
True
Does 2861 divide 889714848?
False
Does 1316 divide 3527880?
False
Is 106034957 a multiple of 417?
False
Is 52 a factor of 1471098928?
True
Is 1513 a factor of 20690275?
True
Does 31 divide 41620?
False
Is 827 a factor of 764188523?
True
Is 35690438 a multiple of 403?
False
Is 539 a factor of 2266160460?
False
Is 12 a factor of 1626974?
False
Is 37 a factor of 2347848345?
False
Is 676545072 a multiple of 329?
True
Is 35338122 a multiple of 7?
False
Is 179 a factor of 3372270?
False
Does 80 divide 1052685120?
True
Is 4528 a factor of 979764112?
True
Does 57 divide 40082172?
True
Is 1020276959 a multiple of 353?
True
Is 422583419 a multiple of 2?
False
Is 39633006 even?
True
Does 532 divide 154691252?
False
Is 11334540 a multiple of 20?
True
Is 2629 a factor of 1708850?
True
Is 1457 a factor of 1225704164?
True
Is 538508308 a multiple of 1173?
False
Is 30416800 a multiple of 200?
True
Is 23118168 a multiple of 284?
True
Does 699 divide 34000306?
False
Is 1477 a factor of 241073320?
False
Does 1691 divide 1323856844?
True
Is 9 a factor of 2559591648?
True
Is 23492442 a multiple of 3?
True
Does 10 divide 80850940?
True
Does 3528 divide 16292800?
False
Is 1137297488 a multiple of 14?
False
Is 430476597 a multiple of 19?
True
Is 2193 a factor of 37083382?
False
Is 186455133 a multiple of 342?
False
Is 145 a factor of 3699564510?
True
Does 8 divide 454444633?
False
Is 764780 a multiple of 472?
False
Does 65 divide 191727770?
True
Is 82954681 a multiple of 193?
True
Does 9 divide 29646544?
False
Is 764 a factor of 60896148?
True
Is 38 a factor of 95726370?
True
Does 21 divide 23270582?
False
Is 15 a factor of 966162915?
True
Does 14 divide 36901578?
True
Is 2467 a factor of 147262631?
True
Is 3421 a factor of 135022679?
False
Is 102 a factor of 17485325?
False
Is 1092994315 a multiple of 3902?
False
Does 73 divide 2295086557?
False
Is 12545910 a multiple of 39?
True
Is 10 a factor of 36200725?
False
Is 938011300 a multiple of 94?
False
Is 324602634 a multiple of 15?
False
Does 103 divide 368196472?
False
Is 6170386496 a multiple of 304?
True
Is 10302408 a multiple of 51?
True
Does 132 divide 8331399?
False
Is 126157328 a multiple of 328?
True
Is 231 a factor of 81102483?
True
Is 205 a factor of 589541665?
True
Is 209 a factor of 28288777?
True
Is 147457029 a multiple of 9?
False
Does 26 divide 21918860?
False
Is 24 a factor of 69170320?
False
Is 108 a factor of 41032980?
True
Does 17 divide 3420465620?
True
Is 180490997 a multiple of 1841?
False
Is 60 a factor of 385165440?
True
Is 1486137495 a multiple of 43?
False
Is 238880473 a multiple of 219?
False
Is 395159453 a multiple of 107?
True
Is 1830041 a multiple of 10?
False
Is 1449579 a multiple of 2401?
False
Is 335255591 a multiple of 26?
False
Is 9870260 a multiple of 1580?
True
Does 388 divide 269869842?
False
Is 131 a factor of 44580211?
False
Is 210 a factor of 10333890?
True
Is 5858 a factor of 1041394234?
True
Does 337 divide 1819638240?
True
Is 1834450 a multiple of 10?
True
Does 2 divide 5113220?
True
Is 110 a factor of 60708010?
True
Is 45 a factor of 1161527040?
True
Does 183 divide 4835382099?
True
Is 142174258 a multiple of 194?
True
Is 147 a factor of 5901682?
False
Does 1624 divide 110453112?
True
Is 727832630 a multiple of 481?
False
Is 26335554 a multiple of 791?
True
Does 811 divide 799355754?
False
Is 216317750 a multiple of 110?
True
Is 1447 a factor of 246176663?
True
Is 2136 a factor of 51998784?
True
Is 8 a factor of 69640800?
True
Does 19 divide 68679316?
False
Is 448 a factor of 1922847360?
True
Does 180 divide 159149579?
False
Is 305713908 a multiple of 61?
False
Does 86 divide 45575954?
False
Is 935 a factor of 905809281?
False
Is 1930238319 a multiple of 2432?
False
Does 89 divide 61406018?
False
Does 386 divide 3250344?
False
Is 225196668 a multiple of 18?
True
Is 24 a factor of 4467456?
True
Is 867818026 a multiple of 769?
False
Is 764142064 a multiple of 1519?
True
Is 216992931 a multiple of 89?
False
Is 808795664 a multiple of 9602?
True
Is 977188139 a multiple of 22?
False
Is 360658705 a multiple of 89?
True
Does 159 divide 1065168984?
True
Does 107 divide 191747852?
True
Is 117129019 a multiple of 581?
True
Is 29 a factor of 2743453331?
True
Does 1003 divide 1491766118?
False
Is 34 a factor of 913993712?
True
Does 90 divide 1015252560?
True
Is 14975382 a multiple of 38?
True
Is 345784440 a multiple of 182?
False
Is 94695202 a multiple of 56?
False
Is 12740689 a multiple of 265?
False
Does 140 divide 238314939?
False
Is 233893324 a multiple of 33?
False
Is 2285099850 a multiple of 687?
False
Is 86861181 a multiple of 122?
False
Is 2456 a factor of 261893104?
True
Is 1068651036 a multiple of 1158?
True
Is 83 a factor of 29173089?
True
Does 10 divide 7092851?
False
Does 220 divide 186135633?
False
Does 18 divide 500321772?
True
Is 64225976 a multiple of 4?
True
Is 4 a factor of 30845200?
True
Is 140037331 a multiple of 398?
False
Does 697 divide 38316181?
True
Does 361 divide 324022499?
False
Is 93201628 a multiple of 2?
True
Is 1255448928 a multiple of 3153?
True
Does 504 divide 30384648?
True
Does 681 divide 21891426?
True
Does 204 divide 65223288?
True
Is 244 a factor of 65133848?
True
Is 173 a factor of 772130328?
False
Does 51 divide 211993885?
False
Is 7 a factor of 24882599?
True
Is 5 a factor of 12835598?
False
Is 496653870 a multiple of 1317?
True
Is 20337792 a multiple of 6?
True
Does 220 divide 243746780?
False
Does 101 divide 2312411766?
True
Does 43 divide 65423425?
True
Is 10 a factor of 85631550?
True
Does 9 divide 6301917?
True
Does 2012 divide 107869356?
True
Does 1802 divide 30282840?
False
Is 29507551 a multiple of 29?
False
Is 74897798 a multiple of 323?
False
Is 375658202 a multiple of 624?
False
Does 472 divide 2048401077?
False
Does 1501 divide 1322013728?
False
Does 15 divide 8592105?
True
Is 354 a factor of 5028544727?
False
Is 130187452 a multiple of 6?
False
Does 204 divide 166866152?
False
Does 207 divide 9765639?
True
Does 261 divide 71028487